{"id":21,"date":"2025-02-05T09:31:21","date_gmt":"2025-02-05T08:31:21","guid":{"rendered":"https:\/\/www.ladyroyalhunting.com\/?page_id=21"},"modified":"2025-06-12T08:10:59","modified_gmt":"2025-06-12T06:10:59","slug":"impressum","status":"publish","type":"page","link":"https:\/\/www.ladyroyalhunting.com\/?page_id=21","title":{"rendered":"Impressum"},"content":{"rendered":"\n<h2 class=\"wp-block-heading\">Inhaber<\/h2>\n\n\n\n<p>Alexandra Wilczek<br>Email: office@ladyroyalhunting.com<\/p>\n\n\n\n<p><strong>Anschrift<\/strong><br>Postfach 8<br>2100 Korneuburg<br>\u00d6sterreich<\/p>\n\n\n\n<h2 class=\"wp-block-heading\">Datenschutz<\/h2>\n\n\n\n<p><strong>1. Verarbeitung personenbezogener Daten<\/strong><br>Beim Besuch unserer Website werden automatisch Daten wie IP-Adresse, Browsertyp, Datum und Uhrzeit erhoben.<br>Diese Daten werden ausschlie\u00dflich zu statistischen Zwecken verarbeitet, um die Nutzung der Website zu analysieren und zu optimieren (Art. 6 Abs. 1 lit. a DSGVO).<\/p>\n\n\n\n<p><strong>2. Verwendung von Cookies<\/strong><br>Unsere Website verwendet Cookies, um Funktionen bereitzustellen und die Nutzung zu analysieren. Sie k\u00f6nnen die Nutzung von Cookies in den Einstellungen Ihres Browsers steuern oder ablehnen.<\/p>\n\n\n\n<p><strong>3. Google Analytics<\/strong><br>Wir nutzen Google Analytics, einen Dienst der Google Ireland Limited, um die Nutzung unserer Website zu analysieren. Google Analytics verwendet Cookies, die Informationen wie Ihre IP-Adresse (anonymisiert) erfassen und an Google-Server \u00fcbertragen k\u00f6nnen.<\/p>\n\n\n\n<p><strong>Rechtsgrundlage:<\/strong>&nbsp;Die Verarbeitung erfolgt nur mit Ihrer Einwilligung.<br><strong>Widerruf:<\/strong>&nbsp;Sie k\u00f6nnen Ihre Einwilligung jederzeit widerrufen, indem Sie die Cookie-Einstellungen anpassen oder ein Browser-Add-on zur Deaktivierung von Google Analytics nutzen.<\/p>\n\n\n\n<p><strong>4. Ihre Rechte<\/strong><br>Sie haben folgende Rechte gem\u00e4\u00df der DSGVO:<\/p>\n\n\n\n<ul class=\"wp-block-list\">\n<li>Auskunft,<\/li>\n\n\n\n<li>Berichtigung,<\/li>\n\n\n\n<li>L\u00f6schung,<\/li>\n\n\n\n<li>Einschr\u00e4nkung der Verarbeitung,<\/li>\n\n\n\n<li>Daten\u00fcbertragbarkeit,<\/li>\n\n\n\n<li>Widerruf einer Einwilligung,<\/li>\n\n\n\n<li>Widerspruch gegen die Verarbeitung.<\/li>\n<\/ul>\n\n\n\n<p><strong>6. Kontakt und Aufsichtsbeh\u00f6rde<\/strong><br>Bei Fragen oder Beschwerden k\u00f6nnen Sie uns per E-Mail kontaktieren.<\/p>\n\n\n\n<h2 class=\"wp-block-heading\">Urheberrecht<\/h2>\n\n\n\n<p>Die Vervielf\u00e4ltigung, Bearbeitung, Verbreitung und jede Art der Verwertung au\u00dferhalb der Grenzen des Urheberrechtes bed\u00fcrfen der schriftlichen Zustimmung des jeweiligen Autors bzw. Erstellers.<\/p>\n\n\n\n<p>\u00a9 Alexandra Wilzcek<\/p>\n\n\n\n<h3 class=\"wp-block-heading\">Haftung f\u00fcr Links<\/h3>\n\n\n\n<p>Diese Website enth\u00e4lt Links zu externen Websites Dritter, auf deren Inhalte ich keinen Einfluss habe. Deshalb kann ich f\u00fcr diese fremden Inhalte auch keine Gew\u00e4hr \u00fcbernehmen. F\u00fcr die Inhalte der verlinkten Seiten ist stets der jeweilige Anbieter oder Betreiber der Seiten verantwortlich. Die verlinkten Seiten wurden zum Zeitpunkt der Verlinkung auf m\u00f6gliche Rechtsverst\u00f6\u00dfe \u00fcberpr\u00fcft. Rechtswidrige Inhalte waren zum Zeitpunkt der Verlinkung nicht erkennbar.<\/p>\n\n\n\n<p>Eine permanente inhaltliche Kontrolle der verlinkten Seiten ist jedoch ohne konkrete Anhaltspunkte einer Rechtsverletzung nicht zumutbar. Bei Bekanntwerden von Rechtsverletzungen werde ich derartige Links umgehend entfernen.<\/p>\n","protected":false},"excerpt":{"rendered":"<p>Inhaber Alexandra WilczekEmail: office@ladyroyalhunting.com AnschriftPostfach 82100 Korneuburg\u00d6sterreich Datenschutz 1. Verarbeitung personenbezogener DatenBeim Besuch unserer Website werden automatisch Daten wie IP-Adresse, Browsertyp, Datum und Uhrzeit erhoben.Diese Daten werden ausschlie\u00dflich zu statistischen Zwecken verarbeitet, um die Nutzung der Website zu analysieren und zu optimieren (Art. 6 Abs. 1 lit. a DSGVO). 2. Verwendung von CookiesUnsere Website verwendet [&hellip;]<\/p>\n","protected":false},"author":1,"featured_media":0,"parent":0,"menu_order":0,"comment_status":"closed","ping_status":"closed","template":"","meta":{"footnotes":""},"class_list":["post-21","page","type-page","status-publish","hentry"],"_links":{"self":[{"href":"https:\/\/www.ladyroyalhunting.com\/index.php?rest_route=\/wp\/v2\/pages\/21","targetHints":{"allow":["GET"]}}],"collection":[{"href":"https:\/\/www.ladyroyalhunting.com\/index.php?rest_route=\/wp\/v2\/pages"}],"about":[{"href":"https:\/\/www.ladyroyalhunting.com\/index.php?rest_route=\/wp\/v2\/types\/page"}],"author":[{"embeddable":true,"href":"https:\/\/www.ladyroyalhunting.com\/index.php?rest_route=\/wp\/v2\/users\/1"}],"replies":[{"embeddable":true,"href":"https:\/\/www.ladyroyalhunting.com\/index.php?rest_route=%2Fwp%2Fv2%2Fcomments&post=21"}],"version-history":[{"count":2,"href":"https:\/\/www.ladyroyalhunting.com\/index.php?rest_route=\/wp\/v2\/pages\/21\/revisions"}],"predecessor-version":[{"id":35,"href":"https:\/\/www.ladyroyalhunting.com\/index.php?rest_route=\/wp\/v2\/pages\/21\/revisions\/35"}],"wp:attachment":[{"href":"https:\/\/www.ladyroyalhunting.com\/index.php?rest_route=%2Fwp%2Fv2%2Fmedia&parent=21"}],"curies":[{"name":"wp","href":"https:\/\/api.w.org\/{rel}","templated":true}]}}